{"id":77,"date":"2024-12-08T18:23:04","date_gmt":"2024-12-08T18:23:04","guid":{"rendered":"https:\/\/www.hkjameszh.sk\/?page_id=77"},"modified":"2026-03-20T06:15:41","modified_gmt":"2026-03-20T06:15:41","slug":"clenske-schodze","status":"publish","type":"page","link":"https:\/\/www.hkjameszh.sk\/?page_id=77","title":{"rendered":"\u010clensk\u00e9 sch\u00f4dze"},"content":{"rendered":"\n<div class=\"wp-block-file\"><a id=\"wp-block-file--media-fe03940e-95bc-4e31-9dc4-bebfaa0db12c\" href=\"https:\/\/www.hkjameszh.sk\/wp-content\/uploads\/2026\/03\/2025-Zapisnica-zo-schodze-HK-JAMES-ZH.odt\">2025 Z\u00e1pisnica zo sch\u00f4dze HK JAMES ZH<\/a><a href=\"https:\/\/www.hkjameszh.sk\/wp-content\/uploads\/2026\/03\/2025-Zapisnica-zo-schodze-HK-JAMES-ZH.odt\" class=\"wp-block-file__button wp-element-button\" download aria-describedby=\"wp-block-file--media-fe03940e-95bc-4e31-9dc4-bebfaa0db12c\">Stiahnu\u0165<\/a><\/div>\n\n\n\n<div class=\"wp-block-file\"><a id=\"wp-block-file--media-9e1114b8-38e2-4801-afbc-80732bbcb2f2\" href=\"https:\/\/www.hkjameszh.sk\/wp-content\/uploads\/2026\/03\/2024-Zapisnica-zo-schodze-HK-JAMES-ZH.docx\">2024 Z\u00e1pisnica zo sch\u00f4dze HK JAMES ZH<\/a><a href=\"https:\/\/www.hkjameszh.sk\/wp-content\/uploads\/2026\/03\/2024-Zapisnica-zo-schodze-HK-JAMES-ZH.docx\" class=\"wp-block-file__button wp-element-button\" download aria-describedby=\"wp-block-file--media-9e1114b8-38e2-4801-afbc-80732bbcb2f2\">Stiahnu\u0165<\/a><\/div>\n\n\n\n<p><\/p>\n","protected":false},"excerpt":{"rendered":"","protected":false},"author":1,"featured_media":644,"parent":0,"menu_order":0,"comment_status":"closed","ping_status":"closed","template":"","meta":{"_vp_format_video_url":"","_vp_image_focal_point":[],"footnotes":""},"class_list":["post-77","page","type-page","status-publish","has-post-thumbnail","hentry"],"_links":{"self":[{"href":"https:\/\/www.hkjameszh.sk\/index.php?rest_route=\/wp\/v2\/pages\/77","targetHints":{"allow":["GET"]}}],"collection":[{"href":"https:\/\/www.hkjameszh.sk\/index.php?rest_route=\/wp\/v2\/pages"}],"about":[{"href":"https:\/\/www.hkjameszh.sk\/index.php?rest_route=\/wp\/v2\/types\/page"}],"author":[{"embeddable":true,"href":"https:\/\/www.hkjameszh.sk\/index.php?rest_route=\/wp\/v2\/users\/1"}],"replies":[{"embeddable":true,"href":"https:\/\/www.hkjameszh.sk\/index.php?rest_route=%2Fwp%2Fv2%2Fcomments&post=77"}],"version-history":[{"count":3,"href":"https:\/\/www.hkjameszh.sk\/index.php?rest_route=\/wp\/v2\/pages\/77\/revisions"}],"predecessor-version":[{"id":835,"href":"https:\/\/www.hkjameszh.sk\/index.php?rest_route=\/wp\/v2\/pages\/77\/revisions\/835"}],"wp:featuredmedia":[{"embeddable":true,"href":"https:\/\/www.hkjameszh.sk\/index.php?rest_route=\/wp\/v2\/media\/644"}],"wp:attachment":[{"href":"https:\/\/www.hkjameszh.sk\/index.php?rest_route=%2Fwp%2Fv2%2Fmedia&parent=77"}],"curies":[{"name":"wp","href":"https:\/\/api.w.org\/{rel}","templated":true}]}}