{"id":92,"date":"2024-12-08T18:26:07","date_gmt":"2024-12-08T18:26:07","guid":{"rendered":"https:\/\/www.hkjameszh.sk\/?page_id=92"},"modified":"2026-03-20T06:30:50","modified_gmt":"2026-03-20T06:30:50","slug":"2-2","status":"publish","type":"page","link":"https:\/\/www.hkjameszh.sk\/?page_id=92","title":{"rendered":"2 %"},"content":{"rendered":"\n<p><strong><em>V\u00ddZVA<\/em><\/strong><\/p>\n\n\n\n<p><br>Podporte v\u00fdchovu a \u010dinnos\u0165 detsk\u00e9ho lezeck\u00e9ho kr\u00fa\u017eku \u017diarske kamz\u00edky, ochranu pr\u00edrody, \u00fadr\u017ebu a rozvoj&nbsp;okolit\u00fdch lezeck\u00fdch oblast\u00ed. <\/p>\n\n\n\n<p>V\u0161etk\u00fdm prispievate\u013eom <strong>\u010fakujeme.<\/strong><\/p>\n\n\n\n<p>Ing.M\u00e1ria K\u00fa\u0161ikov\u00e1, kusikova.majka@gmail.com, telef\u00f3n: +421 905 547 191<br>Mgr. Radka Heribanov\u00e1,&nbsp;slajfercikova.radka@gmail.com,&nbsp;+421&nbsp;948 507 482<\/p>\n\n\n\n<p>Sta\u010d\u00ed klikn\u00fa\u0165 do vyhl\u00e1senia a m\u00f4\u017eete ho rovno vyplni\u0165, alebo stiahnu\u0165. <\/p>\n\n\n\n<div data-wp-interactive=\"core\/file\" class=\"wp-block-file\" style=\"border-radius:20px\"><object data-wp-bind--hidden=\"!state.hasPdfPreview\" hidden class=\"wp-block-file__embed\" data=\"https:\/\/www.hkjameszh.sk\/wp-content\/uploads\/2026\/03\/2-HK-James-ZH.pdf\" type=\"application\/pdf\" style=\"width:100%;height:1240px\" aria-label=\"Vlo\u017ei\u0165 2% HK James ZH.\"><\/object><a id=\"wp-block-file--media-aad2f862-a568-4129-a810-43bc5a88691f\" href=\"https:\/\/www.hkjameszh.sk\/wp-content\/uploads\/2026\/03\/2-HK-James-ZH.pdf\">2% HK James ZH<\/a><a href=\"https:\/\/www.hkjameszh.sk\/wp-content\/uploads\/2026\/03\/2-HK-James-ZH.pdf\" class=\"wp-block-file__button wp-element-button\" download aria-describedby=\"wp-block-file--media-aad2f862-a568-4129-a810-43bc5a88691f\">S\u0165iahn\u00fa\u0165<\/a><\/div>\n","protected":false},"excerpt":{"rendered":"<p>V\u00ddZVA Podporte v\u00fdchovu a \u010dinnos\u0165 detsk\u00e9ho lezeck\u00e9ho kr\u00fa\u017eku \u017diarske kamz\u00edky, ochranu pr\u00edrody, \u00fadr\u017ebu a rozvoj&nbsp;okolit\u00fdch lezeck\u00fdch oblast\u00ed. V\u0161etk\u00fdm prispievate\u013eom \u010fakujeme. Ing.M\u00e1ria K\u00fa\u0161ikov\u00e1, kusikova.majka@gmail.com, telef\u00f3n: +421 905 547 191Mgr. Radka Heribanov\u00e1,&nbsp;slajfercikova.radka@gmail.com,&nbsp;+421&nbsp;948 &hellip; <\/p>\n<p class=\"link-more\"><a href=\"https:\/\/www.hkjameszh.sk\/?page_id=92\" class=\"more-link\">Read more<span class=\"screen-reader-text\"> &#8222;2 %&#8220;<\/span><\/a><\/p>\n","protected":false},"author":1,"featured_media":370,"parent":0,"menu_order":0,"comment_status":"closed","ping_status":"closed","template":"","meta":{"_vp_format_video_url":"","_vp_image_focal_point":[],"footnotes":""},"class_list":["post-92","page","type-page","status-publish","has-post-thumbnail","hentry"],"_links":{"self":[{"href":"https:\/\/www.hkjameszh.sk\/index.php?rest_route=\/wp\/v2\/pages\/92","targetHints":{"allow":["GET"]}}],"collection":[{"href":"https:\/\/www.hkjameszh.sk\/index.php?rest_route=\/wp\/v2\/pages"}],"about":[{"href":"https:\/\/www.hkjameszh.sk\/index.php?rest_route=\/wp\/v2\/types\/page"}],"author":[{"embeddable":true,"href":"https:\/\/www.hkjameszh.sk\/index.php?rest_route=\/wp\/v2\/users\/1"}],"replies":[{"embeddable":true,"href":"https:\/\/www.hkjameszh.sk\/index.php?rest_route=%2Fwp%2Fv2%2Fcomments&post=92"}],"version-history":[{"count":20,"href":"https:\/\/www.hkjameszh.sk\/index.php?rest_route=\/wp\/v2\/pages\/92\/revisions"}],"predecessor-version":[{"id":845,"href":"https:\/\/www.hkjameszh.sk\/index.php?rest_route=\/wp\/v2\/pages\/92\/revisions\/845"}],"wp:featuredmedia":[{"embeddable":true,"href":"https:\/\/www.hkjameszh.sk\/index.php?rest_route=\/wp\/v2\/media\/370"}],"wp:attachment":[{"href":"https:\/\/www.hkjameszh.sk\/index.php?rest_route=%2Fwp%2Fv2%2Fmedia&parent=92"}],"curies":[{"name":"wp","href":"https:\/\/api.w.org\/{rel}","templated":true}]}}